 134 + -43750?
-43617
In base 3, what is -11100221012222 - 1002?
-11100221021001
In base 9, what is -1 + 8136707?
8136706
In base 15, what is -23c98a + 8?
-23c982
In base 8, what is -2274 - 773?
-3267
In base 14, what is -46 + -d14b7?
-d151d
In base 9, what is 571 - 1138377?
-1137706
In base 5, what is 204343403 + -1?
204343402
In base 3, what is -1212210112 + -11020?
-1212221202
In base 14, what is -1431 + -6b6?
-1b07
In base 10, what is -431649 + 31?
-431618
In base 9, what is 43102170 - -2?
43102172
In base 4, what is -3 + 13103302320333?
13103302320330
In base 2, what is 101001010011101 - 1110100000?
100111011111101
In base 7, what is 246400 + -321?
246046
In base 5, what is -40044233 - -114043?
-34430140
In base 14, what is 2ba109 + 2?
2ba10b
In base 15, what is -762ae2 + 2?
-762ae0
In base 5, what is 1031 + 2324433?
2331014
In base 15, what is 27cac - 38a?
27922
In base 11, what is -1a8a67a + 4?
-1a8a676
In base 4, what is 20131013213 - 100?
20131013113
In base 16, what is -5f - 1526a?
-152c9
In base 2, what is 1001110110011110011 + 110?
1001110110011111001
In base 6, what is 51 + -4205312?
-4205221
In base 4, what is -20123 + -13020?
-33203
In base 3, what is 221110100012010 + 0?
221110100012010
In base 5, what is 32004 + -11342031?
-11310022
In base 7, what is 1051526 - -323?
1052152
In base 14, what is 0 - -4200402?
4200402
In base 13, what is 4635101 - -5?
4635106
In base 8, what is 3 - -537447060?
537447063
In base 12, what is -12894a71 - -1?
-12894a70
In base 13, what is -548 + 69aa?
6462
In base 3, what is 10022012 + -21022000?
-10222211
In base 14, what is -217b - 35b?
-24d8
In base 7, what is 5 + 163142123?
163142131
In base 8, what is 746104 + 12302?
760406
In base 14, what is 8a + -76b7a?
-76ad0
In base 4, what is -31023 + 130022?
32333
In base 9, what is -46 + -1638763?
-1638820
In base 3, what is 110202 + -22112220211?
-22112110002
In base 3, what is 111211101110211 + 2?
111211101110220
In base 8, what is 331310 - 45?
331243
In base 12, what is -2013 + -1159?
-3170
In base 5, what is 40 - -3010232221?
3010232311
In base 14, what is 2a64337 + -5?
2a64332
In base 12, what is -33b0 - 20b?
-35bb
In base 4, what is -30320001 - 2000012?
-32320013
In base 2, what is 1000001001111010100110011 - 101000?
1000001001111010100001011
In base 16, what is -c + 3fb4c4b?
3fb4c3f
In base 10, what is 134762131 - 3?
134762128
In base 3, what is 21201120212020 - 112?
21201120211201
In base 14, what is -4 + -4303c2?
-4303c6
In base 9, what is 21717366 + 12?
21717378
In base 2, what is 101101000111 - 11110?
101100101001
In base 13, what is 52 - -276c78?
276cca
In base 2, what is 11011011110 + -100001001000?
-101101010
In base 10, what is -10 + 808876?
808866
In base 10, what is 4335544 - 5?
4335539
In base 11, what is 4aa710 + -101?
4aa60a
In base 6, what is -1422 + 1144210?
1142344
In base 7, what is -1111033 - -46?
-1110654
In base 5, what is -44 - 21324223321?
-21324223420
In base 10, what is 95896 + -62?
95834
In base 14, what is -a6651a3 + -5?
-a6651a8
In base 4, what is -10 - -2330112001130?
2330112001120
In base 11, what is -2 + 25629684?
25629682
In base 10, what is 193493 + 15?
193508
In base 12, what is -78a0 - 126?
-7a06
In base 11, what is -5 + 9524221?
9524217
In base 10, what is 24780 + -7745?
17035
In base 13, what is -158b + -714a?
-8708
In base 14, what is -18 - -279229?
279211
In base 15, what is -ea9995b - 0?
-ea9995b
In base 6, what is -222 + -1354000?
-1354222
In base 12, what is 32296 - -16b6?
33990
In base 3, what is 100 - -10001110100010?
10001110100110
In base 14, what is -486d2c9 - 5?
-486d2d0
In base 3, what is -1202 + 22000022002102?
22000022000200
In base 4, what is -212213032 + 11012?
-212202020
In base 13, what is -a4 + 5b1649?
5b1575
In base 15, what is d3 - -3805?
38d8
In base 8, what is 155 + 617304?
617461
In base 7, what is 3365334303 - 3?
3365334300
In base 14, what is c03bdd4 - 8?
c03bdca
In base 5, what is 4011 - -1343103?
1402114
In base 16, what is 3e2 - -2d5?
6b7
In base 4, what is -302102203323 + 0?
-302102203323
In base 2, what is 1001 + 10010001010001000101111?
10010001010001000111000
In base 15, what is 1e + -587669?
-58764a
In base 2, what is -1101101010 + 100010001?
-1001011001
In base 8, what is 135412727 - -13?
135412742
In base 16, what is 2bc1e3 + -151?
2bc092
In base 7, what is -2 - 123305?
-123310
In base 10, what is -481456636 - 2?
-481456638
In base 7, what is -1042612311 - 2?
-1042612313
In base 12, what is 4773a686 + -2?
4773a684
In base 5, what is 11311442 + -104?
11311333
In base 3, what is -12220 - 121101212211?
-121102002201
In base 2, what is 100110110000100 + 1101111111111?
110100110000011
In base 16, what is -5 + -14b46f6?
-14b46fb
In base 13, what is c9a - -294?
1261
In base 16, what is -3 + -db86d8?
-db86db
In base 2, what is 100001011000110110101000 + 100011?
100001011000110111001011
In base 9, what is 38240 + -10441?
27688
In base 10, what is 31 + 27196285?
27196316
In base 9, what is 13700 - 7168?
5521
In base 2, what is -1101000101011011000011 + 101?
-1101000101011010111110
In base 10, what is 7667516 + -8?
7667508
In base 2, what is -100110010111001001111 + 11?
-100110010111001001100
In base 9, what is 120552 + -32?
120520
In base 12, what is -100167 + -193?
-10033a
In base 7, what is -316 + -112021?
-112340
In base 12, what is -31 - -695055?
695024
In base 13, what is -1a7 + -22056?
-22230
In base 7, what is -235426 + -25?
-235454
In base 16, what is 9e599f - -4?
9e59a3
In base 2, what is -100001000001 - 10011100011000011110?
-10011100111001011111
In base 3, what is 10200000100122 + 1012002?
10200001112201
In base 6, what is -3454230 - -1034?
-3453152
In base 16, what is 89d41 - -fb?
89e3c
In base 10, what is -29 + -235607?
-235636
In base 8, what is 1 - 133011303?
-133011302
In base 3, what is 122212 - -102020210?
102220122
In base 10, what is -10 + 1126093?
1126083
In base 8, what is 161 + 23305?
23466
In base 5, what is -224 + -331303?
-332032
In base 13, what is 49 - -133974?
1339c0
In base 12, what is -8 - -15450a?
154502
In base 11, what is 3233 - -729?
3961
In base 13, what is 411b3 + 32?
41215
In base 14, what is -3ab58 - -d3?
-3aa65
In base 4, what is -1 - 302022101330?
-302022101331
In base 2, what is -11 + -111111011000001001011100?
-111111011000001001011111
In base 5, what is 114244300031 - -2?
114244300033
In base 11, what is 15163 + -298?
14976
In base 8, what is 2 + 116433660?
116433662
In base 9, what is 102301785 + 0?
102301785
In base 15, what is d1baa4 - 4?
d1baa0
In base 15, what is -8968 - -612?
-8356
In base 5, what is -114 - 11222114434?
-11222120103
In base 5, what is 0 + 2102421?
2102421
In base 10, what is -4324195 - 31?
-4324226
In base 11, what is 4a50a9a - -1?
4a50aa0
In base 16, what is -565223b - -2?
-5652239
In base 15, what is 2 - -1158712?
1158714
In base 11, what is 1257 - -4814?
5a70
In base 5, what is 1 - -223000?
223001
In base 8, what is 6106 - 33051?
-24743
In base 9, what is 3108105 - 2?
3108103
In base 13, what is -4 - 2bc26b34?
-2bc26b38
In base 12, what is -223476 + 317?
-22315b
In base 7, what is -2 + 1365563432?
1365563430
In base 5, what is 220342144 - 0?
220342144
In base 11, what is -1734692 - 59?
-1734740
In base 8, what is 10077366 + -11?
10077355
In base 15, what is 4b6e - e92?
3bcc
In base 16, what is -2 + 543b98b?
543b989
In base 5, what is 10 + 103144204?
103144214
In base 6, what is 2 + 1021110235?
1021110241
In base 10, what is 6269 + 472?
6741
In base 15, what is 1 + 430d05?
430d06
In base 2, what is -10000111110101011101001100 - -10?
-10000111110101011101001010
In base 5, what is -312001100110 + 3?
-312001100102
In base 12, what is 13 + -214b59?
-214b46
In base 8, what is -15717 - -270775?
253056
In base 12, what is -16a - -42096?
41b28
In base 8, what is 4 - 523476562?
-523476556
In base 9, what is 72873543 - -38?
72873582
In base 8, what is 5 + -22070515?
-22070510
In base 2, what is -1001001011010111011110 + 111?
-1001001011010111010111
In base 7, what is 5561402 - -3?
5561405
In base 4, what is 32110021313 - 10?
32110021303
In base 12, what is 1018526 - 2b?
10184b7
In base 4, what is -1222110 + -223330?
-2112100
In base 3, what is -110201110 - 202211?
-111111021
In base 9, what is -1816473805 + 4?
-1816473801
